
In base 2, what is 110000110110001001111 - -11?
110000110110001010010
In base 12, what is -126 - -222a29?
222903
In base 6, what is 1142 - -1130433?
1132015
In base 11, what is -40a77 - 3107?
-44083
In base 15, what is 51881 - -3c3?
51c54
In base 2, what is 11001110 + -111101010100?
-111010000110
In base 10, what is -7053769 - -1?
-7053768
In base 16, what is 3f060fa2 + 0?
3f060fa2
In base 10, what is -1282090972 - -5?
-1282090967
In base 6, what is -45513052 + -5?
-45513101
In base 3, what is 2212102 + -2220022012?
-2210102210
In base 15, what is c349bb - -b?
c349c7
In base 2, what is -101 + -11001010110010001011111111?
-11001010110010001100000100
In base 4, what is -1 + -3220022132?
-3220022133
In base 8, what is 1310 - -241414?
242724
In base 16, what is 1a63a + ad?
1a6e7
In base 14, what is 2b + -a6d?
-a42
In base 8, what is -4 + 322333750?
322333744
In base 13, what is 4 + 84a859?
84a860
In base 7, what is -21 + -3012453?
-3012504
In base 15, what is -2cc5e55 - 5?
-2cc5e5a
In base 12, what is -148 - -124968?
124820
In base 16, what is cd + ab68?
ac35
In base 13, what is a2b - 37712?
-369b4
In base 15, what is -2 - 26780d?
-267810
In base 9, what is 5 + -855365?
-855360
In base 15, what is 99c6bad + -1?
99c6bac
In base 12, what is 1001baa - 20?
1001b8a
In base 15, what is -4780b6 - 1?
-4780b7
In base 2, what is -100100110101000111 - 1100010001?
-100101000001011000
In base 5, what is -103 - -1234240130?
1234240022
In base 16, what is -909 - 576?
-e7f
In base 7, what is -11 - 2164631?
-2164642
In base 6, what is 51 + -1145414143?
-1145414052
In base 6, what is -1023 - -422125?
421102
In base 14, what is -33aa4ab + 4?
-33aa4a7
In base 10, what is -15033530 - 3?
-15033533
In base 15, what is 886aec + -1?
886aeb
In base 8, what is -1307 - 3114606?
-3116115
In base 5, what is 2024 + -1222032?
-1220003
In base 3, what is 12021212 + 102100011?
121122000
In base 16, what is 21f81b - -10?
21f82b
In base 7, what is 3206 + -2125464?
-2122255
In base 4, what is -11 - -2222133212000?
2222133211323
In base 10, what is -39 - -193890?
193851
In base 5, what is 20141301032 + 2?
20141301034
In base 15, what is -1 + -89b9299?
-89b929a
In base 9, what is -1144 - -1861?
716
In base 12, what is 724052 - 1?
724051
In base 2, what is -101001 + 110101010101000101110?
110101010101000000101
In base 10, what is -20 + 92814185?
92814165
In base 12, what is 1a6152a - 10?
1a6151a
In base 15, what is -b208a - -3d?
-b204c
In base 6, what is 0 + 2303502420?
2303502420
In base 11, what is -7 - 38218480?
-38218487
In base 15, what is 4 - e7ea383?
-e7ea37e
In base 11, what is 80 + -8a551?
-8a481
In base 9, what is 7057510 - 12?
7057487
In base 16, what is ec - e8135?
-e8049
In base 16, what is 7f - 2afa4?
-2af25
In base 14, what is 26 - -223dd?
22425
In base 14, what is -2bc704 - -28?
-2bc6ba
In base 6, what is -5 - -15141043420?
15141043411
In base 9, what is 3263063352 + -4?
3263063347
In base 9, what is -27611 + 6?
-27604
In base 7, what is -133121354 + 4?
-133121350
In base 7, what is -3432320 - -234?
-3432053
In base 6, what is -31104123452 - 2?
-31104123454
In base 9, what is -5 + -5412446?
-5412452
In base 5, what is -1303024 - -4032?
-1243442
In base 11, what is -708656 - 21?
-708677
In base 2, what is -1101100011001001 - 1001110011000?
-1110110001100001
In base 10, what is -250 + 98255?
98005
In base 9, what is 480 + 116777?
117367
In base 8, what is -11202231 - -3?
-11202226
In base 4, what is -1012300112 - -12133?
-1012221313
In base 10, what is 8166 + -7793?
373
In base 13, what is -436813 + -36?
-436849
In base 7, what is -1216551166 + -2?
-1216551201
In base 9, what is 218435832 + -5?
218435826
In base 16, what is a5d6 + -1494?
9142
In base 5, what is 2114242 - 212131?
1402111
In base 4, what is -1302133012 + -2?
-1302133020
In base 10, what is 5549343 - 2?
5549341
In base 13, what is -201 - 10a?
-30b
In base 2, what is -110100010110000 - -111011111101001?
111100111001
In base 9, what is 15320 - 1010?
14310
In base 6, what is 131 - -324403022?
324403153
In base 11, what is 26455 - 1503?
24a52
In base 5, what is -1420330 - -112303?
-1303022
In base 5, what is -4 - -311141214?
311141210
In base 10, what is 9961385 + 0?
9961385
In base 16, what is -63 + -93ad9?
-93b3c
In base 5, what is -130344424 - -302?
-130344122
In base 6, what is 41304321 + 151?
41304512
In base 14, what is 52 + 1d75?
1dc7
In base 6, what is 22 + -434345555?
-434345533
In base 14, what is -35 - -bb357?
bb322
In base 3, what is 2000112202100 + 22110?
2000120001210
In base 7, what is 3 - 1656366464?
-1656366461
In base 2, what is 110101110001100000010001 - -110?
110101110001100000010111
In base 9, what is 166827853 + 3?
166827856
In base 3, what is 0 - 1221220210010001?
-1221220210010001
In base 2, what is -111100011100001 - 10010010100?
-111110101110101
In base 4, what is -2 - 302100223103?
-302100223111
In base 13, what is 4 + -25439692?
-2543968b
In base 6, what is -1404430 + 41?
-1404345
In base 4, what is -1212122220023 - -20?
-1212122220003
In base 15, what is -64e9ec8 + -4?
-64e9ecc
In base 3, what is -12012002211 + -21102?
-12012101020
In base 9, what is -2587 - 3707?
-6405
In base 14, what is -2361534 - 5?
-2361539
In base 12, what is a85 - 16881?
-159b8
In base 8, what is 16403211 + -140?
16403051
In base 13, what is -6 + -b2516c?
-b25175
In base 15, what is -8 - -923405?
9233ec
In base 13, what is -1 + 47aa188?
47aa187
In base 13, what is -3 + 1a08a76?
1a08a73
In base 3, what is 121201101001211220 + 0?
121201101001211220
In base 5, what is 10242 + -4322121?
-4311324
In base 5, what is 104 + -122232321?
-122232212
In base 2, what is 110101010 + -1000101111111111?
-1000101001010101
In base 13, what is -5982 - 176a?
-741c
In base 9, what is -3437536 + 16?
-3437520
In base 3, what is -102 + -20122120021210?
-20122120022012
In base 10, what is 4068034 - 0?
4068034
In base 10, what is 5 - -640377?
640382
In base 6, what is -112255 - -4203?
-104052
In base 11, what is 6a - a95744?
-a95685
In base 6, what is -242 - -4022435?
4022153
In base 8, what is 10277 - -11302?
21601
In base 12, what is 19979a + 419?
199bb7
In base 3, what is 1002112220222102 + 22?
1002112220222201
In base 3, what is 22021221202 - 1221?
22021212211
In base 13, what is -3 + 79b5987?
79b5984
In base 4, what is -3 - 1333202300011?
-1333202300020
In base 7, what is -41650542 - -41?
-41650501
In base 2, what is -10011011100010010 - 11001100?
-10011011111011110
In base 12, what is -9980 + 1496a?
6baa
In base 13, what is -9a9b - 4ca?
-a298
In base 10, what is -14857410 + -6?
-14857416
In base 10, what is 2 - 21955875?
-21955873
In base 16, what is -1fdca - -18c?
-1fc3e
In base 13, what is -81a2c8 + -84?
-81a37c
In base 16, what is 78265586 - 3?
78265583
In base 11, what is 141a605 + -1?
141a604
In base 9, what is 2013133 - 6?
2013126
In base 16, what is 1 + -64506?
-64505
In base 13, what is 3bb33 + -22?
3bb11
In base 10, what is 0 - 2461017?
-2461017
In base 2, what is 10000 + -10011110100111111011001?
-10011110100111111001001
In base 15, what is 3b + -64e6bc?
-64e681
In base 12, what is 1 + 14b0457?
14b0458
In base 6, what is -3300443431 - -35?
-3300443352
In base 15, what is -27 - -5ababb?
5aba94
In base 11, what is 217 - 47a590?
-47a374
In base 14, what is -164 + -162c0?
-16444
In base 3, what is 1111110202 + 101201000?
1220011202
In base 6, what is 34210005 - 12?
34205553
In base 8, what is 25 - 560745?
-560720
In base 14, what is 2516b + 329?
25496
In base 13, what is -8772a3 - -389?
-876c17
In base 7, what is -260235123 - 20?
-260235143
In base 2, what is -11110 + 1000110110001110?
1000110101110000
In base 14, what is 2 + 67861?
67863
In base 4, what is 21 - -2213200003?
2213200030
In base 4, what is -2012 + -2303011?
-2311023
In base 4, what is -11 + -1030112311233?
-1030112311310
In base 10, what is -4 - 166803221?
-166803225
In base 2, what is -1101110001 - 1001110000010?
-1011011110011
In base 8, what is 446244 - 674?
445350
In base 7, what is 4632 - -5244614?
5252546
In base 9, what is -608108684 - 1?
-608108685
In base 5, what is 2414340412 - 0?
2414340412
In base 8, what is -4 + 12562501?
12562475
In base 14, what is -1703017 + -6b?
-1703084
In base 15, what is b + 667914?
667920
In base 15, what is -34b - -